highest common divisor of 724 and 1381935?
181
Calculate the highest common divisor of 37296570 and 566.
566
Calculate the highest common divisor of 44 and 207397718.
22
Calculate the highest common divisor of 46 and 34605547.
23
Calculate the highest common factor of 31095 and 2205.
45
What is the greatest common divisor of 82 and 181812?
2
Calculate the greatest common divisor of 168 and 162006936.
168
What is the greatest common factor of 7696568 and 6776?
968
What is the highest common divisor of 5383 and 469399?
7
What is the greatest common factor of 21 and 26916078?
21
What is the greatest common factor of 1459724 and 29378?
74
Calculate the highest common factor of 136 and 1081863.
17
What is the highest common divisor of 13174346 and 412056?
11446
Calculate the highest common divisor of 11209406 and 1222.
1222
What is the greatest common factor of 13828 and 24246?
2
Calculate the highest common factor of 42471 and 133107.
39
What is the highest common divisor of 1400 and 137900?
700
Calculate the highest common factor of 2104 and 52649444.
1052
Calculate the highest common divisor of 199747475 and 9025.
475
Calculate the highest common factor of 1730 and 2180146.
346
What is the greatest common factor of 984 and 281297064?
984
Calculate the greatest common factor of 32242195 and 205.
205
What is the highest common divisor of 5 and 3907045?
5
What is the highest common factor of 5476797 and 9456?
591
What is the highest common factor of 92545992 and 444?
12
What is the highest common factor of 29349828 and 36?
36
What is the greatest common factor of 375 and 3119400?
75
Calculate the highest common factor of 513 and 33970309.
19
What is the highest common factor of 881812 and 59452?
356
What is the highest common divisor of 60 and 12299745?
15
What is the highest common factor of 175673621 and 155?
31
What is the greatest common factor of 287005496 and 16?
8
What is the highest common divisor of 62116 and 38114612?
1172
What is the highest common divisor of 3212 and 648322125?
803
Calculate the greatest common factor of 12746400 and 1356.
1356
What is the highest common factor of 260552 and 1280?
8
What is the greatest common divisor of 7213473876 and 226?
226
Calculate the highest common divisor of 38441557 and 655.
131
What is the highest common factor of 21921 and 34491?
3
Calculate the highest common divisor of 98 and 30417863.
7
Calculate the highest common divisor of 202902330 and 3648.
114
Calculate the greatest common divisor of 8958 and 548.
2
What is the highest common factor of 156996 and 7714854?
882
What is the highest common divisor of 234265629 and 641?
641
What is the greatest common factor of 1350 and 1960890?
30
What is the greatest common factor of 3149978 and 165094?
194
Calculate the highest common divisor of 20524 and 4555740.
28
What is the highest common divisor of 10426130 and 75270?
130
Calculate the greatest common factor of 62736259 and 3065.
613
What is the greatest common divisor of 2772750 and 4500?
750
Calculate the greatest common factor of 1501244208 and 1548.
1548
What is the greatest common factor of 172875 and 495750?
375
What is the highest common factor of 1673 and 5622475?
239
Calculate the greatest common divisor of 830369 and 1580.
79
What is the greatest common divisor of 303167775 and 978?
489
Calculate the greatest common divisor of 10983782 and 549.
61
What is the highest common factor of 145380 and 32070?
30
What is the highest common factor of 9561 and 11285167?
3187
Calculate the highest common divisor of 71012484 and 2376.
108
Calculate the highest common factor of 26 and 79113528.
26
Calculate the greatest common factor of 92750 and 80613.
53
What is the highest common divisor of 9056871 and 207?
207
What is the highest common divisor of 34408 and 7958?
46
What is the greatest common divisor of 138 and 250282?
2
What is the greatest common divisor of 4056785 and 10165?
95
What is the greatest common factor of 3450 and 10245210?
30
Calculate the greatest common divisor of 200548541 and 5185.
1037
What is the greatest common divisor of 1880454 and 78?
6
Calculate the highest common divisor of 789432 and 2616.
24
What is the greatest common divisor of 19099522 and 806?
26
What is the highest common factor of 1056717 and 3447?
9
What is the highest common divisor of 1568 and 3481440?
32
What is the highest common factor of 84 and 1889484?
12
What is the greatest common divisor of 64 and 36710880?
32
Calculate the highest common divisor of 363912705 and 520.
65
Calculate the highest common factor of 7938 and 20902.
14
Calculate the highest common factor of 4583712 and 152.
152
What is the highest common factor of 15228610 and 250?
10
Calculate the greatest common factor of 5567 and 239664917.
5567
What is the greatest common divisor of 4248900 and 36300?
300
What is the highest common divisor of 1467 and 13817673?
1467
Calculate the greatest common factor of 183848 and 1334908.
268
What is the highest common divisor of 20536 and 179010?
34
Calculate the greatest common factor of 9 and 8139726.
9
What is the greatest common divisor of 464 and 678844644?
116
What is the greatest common factor of 3227672 and 168?
56
What is the greatest common divisor of 330266563 and 11?
11
What is the highest common factor of 3328 and 32553248?
416
Calculate the highest common factor of 524 and 570084.
4
What is the highest common factor of 19800187 and 231?
11
Calculate the greatest common divisor of 135384 and 32268.
12
What is the greatest common factor of 4977812 and 19620?
436
What is the greatest common factor of 13 and 266799117?
13
Calculate the greatest common divisor of 8185 and 102540.
5
Calculate the greatest common divisor of 5735832 and 9246.
138
Calculate the highest common factor of 382227 and 2967.
129
What is the highest common divisor of 23275742 and 28?
14
What is the greatest common divisor of 7727380 and 12?
4
Calculate the highest common divisor of 15714 and 15228.
162
What is the highest common factor of 62576064 and 64?
64
What is the highest common divisor of 866807 and 749?
107
What is the greatest common factor of 84 and 4312?
28
What is the highest common divisor of 158444 and 133628?
44
What is the greatest common divisor of 110 and 4750810?
10
What is the highest common factor of 16172526 and 222?
6
What is the greatest common divisor of 24 and 11621778?
6
What is the highest common divisor of 13425 and 31127205?
2685
Calculate the greatest common divisor of 463285889 and 2222.
1111
Calculate the highest common factor of 2057879529 and 7038.
3519
What is the highest common factor of 38014125 and 1335?
1335
What is the highest common divisor of 376240 and 6896?
16
Calculate the highest common factor of 225 and 2199.
3
What is the highest common divisor of 621 and 270972?
27
Calculate the highest common divisor of 303260 and 1328090.
590
Calculate the highest common factor of 12551670 and 54.
18
Calculate the greatest common divisor of 1632 and 1398315552.
1632
Calculate the greatest common factor of 1006168 and 96.
8
What is the greatest common factor of 785301 and 9053?
11
Calculate the greatest common factor of 102186 and 5642.
14
What is the highest common divisor of 533 and 96178784?
533
What is the greatest common divisor of 18 and 45525114?
18
Calculate the greatest common divisor of 2331 and 959427.
63
Calculate the greatest common factor of 1177 and 3323331.
11
Calculate the highest common divisor of 4 and 1395891.
1
Calculate the greatest common divisor of 5940 and 32928192.
396
What is the highest common divisor of 240 and 4096865?
5
What is the greatest common divisor of 58520956 and 2262?
754
What is the highest common factor of 1879 and 2062858271?
1879
What is the greatest common divisor of 954352 and 1204?
28
What is the greatest common divisor of 2425475 and 33371?
221
What is the highest common factor of 1332 and 116418132?
1332
Calculate the greatest common divisor of 399370 and 190.
10
What is the greatest common divisor of 118 and 7853254?
118
What is the highest common divisor of 12988932 and 6270?
1254
What is the greatest common factor of 1008 and 1777538?
14
What is the highest common divisor of 3 and 30967245?
3
Calculate the greatest common factor 